 is divided by 6.
3
Calculate the remainder when 829 is divided by 208.
205
What is the remainder when 51 is divided by 12?
3
Calculate the remainder when 176 is divided by 15.
11
What is the remainder when 327 is divided by 114?
99
What is the remainder when 351 is divided by 311?
40
Calculate the remainder when 334 is divided by 12.
10
Calculate the remainder when 117 is divided by 20.
17
Calculate the remainder when 357 is divided by 91.
84
What is the remainder when 1003 is divided by 53?
49
What is the remainder when 657 is divided by 10?
7
What is the remainder when 5564 is divided by 199?
191
Calculate the remainder when 86 is divided by 15.
11
Calculate the remainder when 287 is divided by 17.
15
Calculate the remainder when 53 is divided by 21.
11
Calculate the remainder when 81 is divided by 7.
4
Calculate the remainder when 2078 is divided by 8.
6
What is the remainder when 125 is divided by 46?
33
What is the remainder when 1594 is divided by 791?
12
What is the remainder when 67 is divided by 23?
21
Calculate the remainder when 601 is divided by 90.
61
What is the remainder when 1277 is divided by 255?
2
What is the remainder when 216 is divided by 210?
6
Calculate the remainder when 576 is divided by 83.
78
Calculate the remainder when 696 is divided by 5.
1
Calculate the remainder when 237 is divided by 49.
41
What is the remainder when 1379 is divided by 126?
119
What is the remainder when 456 is divided by 218?
20
What is the remainder when 949 is divided by 68?
65
What is the remainder when 145 is divided by 68?
9
Calculate the remainder when 1375 is divided by 13.
10
What is the remainder when 223 is divided by 22?
3
Calculate the remainder when 558 is divided by 66.
30
What is the remainder when 533 is divided by 172?
17
What is the remainder when 3805 is divided by 13?
9
What is the remainder when 1615 is divided by 74?
61
What is the remainder when 243 is divided by 22?
1
Calculate the remainder when 104 is divided by 65.
39
Calculate the remainder when 1364 is divided by 91.
90
Calculate the remainder when 287 is divided by 91.
14
Calculate the remainder when 276 is divided by 28.
24
Calculate the remainder when 574 is divided by 16.
14
Calculate the remainder when 129 is divided by 11.
8
Calculate the remainder when 640 is divided by 65.
55
What is the remainder when 9436 is divided by 121?
119
What is the remainder when 28 is divided by 5?
3
What is the remainder when 148 is divided by 55?
38
Calculate the remainder when 829 is divided by 35.
24
Calculate the remainder when 2438 is divided by 50.
38
Calculate the remainder when 110 is divided by 16.
14
What is the remainder when 213 is divided by 114?
99
Calculate the remainder when 1300 is divided by 258.
10
What is the remainder when 1049 is divided by 50?
49
Calculate the remainder when 1334 is divided by 662.
10
What is the remainder when 165 is divided by 29?
20
Calculate the remainder when 81 is divided by 52.
29
What is the remainder when 51 is divided by 15?
6
What is the remainder when 22 is divided by 9?
4
Calculate the remainder when 297 is divided by 25.
22
What is the remainder when 239 is divided by 5?
4
Calculate the remainder when 3019 is divided by 51.
10
Calculate the remainder when 173 is divided by 44.
41
What is the remainder when 277 is divided by 46?
1
Calculate the remainder when 234 is divided by 79.
76
Calculate the remainder when 895 is divided by 65.
50
What is the remainder when 474 is divided by 30?
24
What is the remainder when 249 is divided by 7?
4
What is the remainder when 120 is divided by 68?
52
What is the remainder when 22254 is divided by 16?
14
What is the remainder when 21314 is divided by 49?
48
What is the remainder when 10902 is divided by 47?
45
Calculate the remainder when 1406 is divided by 24.
14
What is the remainder when 205 is divided by 126?
79
Calculate the remainder when 889 is divided by 113.
98
What is the remainder when 1619 is divided by 125?
119
Calculate the remainder when 130 is divided by 15.
10
What is the remainder when 259 is divided by 47?
24
Calculate the remainder when 47 is divided by 2.
1
Calculate the remainder when 1553 is divided by 21.
20
What is the remainder when 1530 is divided by 46?
12
What is the remainder when 1731 is divided by 34?
31
Calculate the remainder when 1331 is divided by 83.
3
What is the remainder when 1701 is divided by 1695?
6
Calculate the remainder when 150 is divided by 12.
6
What is the remainder when 813 is divided by 74?
73
Calculate the remainder when 604 is divided by 123.
112
Calculate the remainder when 151 is divided by 17.
15
Calculate the remainder when 284 is divided by 185.
99
What is the remainder when 45 is divided by 21?
3
What is the remainder when 134 is divided by 85?
49
Calculate the remainder when 314 is divided by 20.
14
What is the remainder when 1743 is divided by 109?
108
What is the remainder when 584 is divided by 108?
44
What is the remainder when 239 is divided by 49?
43
Calculate the remainder when 57 is divided by 36.
21
What is the remainder when 920 is divided by 56?
24
What is the remainder when 297 is divided by 86?
39
What is the remainder when 111 is divided by 34?
9
Calculate the remainder when 1142 is divided by 94.
14
Calculate the remainder when 777 is divided by 56.
49
Calculate the remainder when 76 is divided by 20.
16
Calculate the remainder when 788 is divided by 132.
128
Calculate the remainder when 83 is divided by 6.
5
Calculate the remainder when 362 is divided by 348.
14
What is the remainder when 2622 is divided by 219?
213
What is the remainder when 1372 is divided by 113?
16
Calculate the remainder when 1668 is divided by 18.
12
What is the remainder when 2267 is divided by 71?
66
What is the remainder when 386 is divided by 25?
11
Calculate the remainder when 2228 is divided by 36.
32
What is the remainder when 8095 is divided by 162?
157
What is the remainder when 471 is divided by 465?
6
What is the remainder when 463 is divided by 36?
31
What is the remainder when 5851 is divided by 33?
10
What is the remainder when 392 is divided by 96?
8
What is the remainder when 263 is divided by 95?
73
Calculate the remainder when 336 is divided by 34.
30
What is the remainder when 9634 is divided by 44?
42
Calculate the remainder when 7919 is divided by 22.
21
What is the remainder when 286 is divided by 24?
22
Calculate the remainder when 23514 is divided by 351.
348
Calculate the remainder when 21664 is divided by 138.
136
What is the remainder when 340 is divided by 23?
18
What is the remainder when 64 is divided by 2?
0
Calculate the remainder when 49 is divided by 23.
3
Calculate the remainder when 119 is divided by 47.
25
Calculate the remainder when 1609 is divided by 26.
23
What is the remainder when 249 is divided by 23?
19
What is the remainder when 584 is divided by 171?
71
Calculate the remainder when 143 is divided by 74.
69
What is the remainder when 424 is divided by 26?
8
What is the remainder when 20 is divided by 10?
0
What is the remainder when 3917 is divided by 16?
13
What is the remainder when 251 is divided by 18?
17
What is the remainder when 168 is divided by 32?
8
What is the remainder when 1394 is divided by 199?
1
Calculate the remainder when 138 is divided by 23.
0
What is the remainder when 64 is divided by 37?
27
What is the remainder when 1130 is divided by 159?
17
What is the remainder when 1055 is divided by 33?
32
What is the remainder when 339 is divided by 90?
69
What is the remainder when 650 is divided by 33?
23
What is the remainder when 328 is divided by 114?
100
Calculate the remainder when 250 is divided by 23.
20
What is the remainder when 41 is divided by 15?
11
Calculate the remainder when 4008 is divided by 211.
210
Calculate the remainder when 486 is divided by 177.
132
Calculate the remainder when 285 is divided by 79.
48
What is the remainder when 12152 is divided by 103?
101
Calculate the remainder when 6399 is divided by 37.
35
Calculate the remainder when 220 is divided by 97.
26
What is the remainder when 269 is divided by 28?
17
Calculate the remainder when 5680 is divided by 24.
16
Calculate the remainder when 1394 is divided by 6.
2
Calculate the remainder when 947